when 22 is divided by b?
6
Let o(s) = -s + 17. What is the remainder when 113 is divided by o(0)?
11
Suppose 2*h = -2*h. Let b = 3 + h. Suppose 8 + 8 = 4*t. Calculate the remainder when t is divided by b.
1
Suppose -17 = -3*o + 19. Calculate the remainder when 17 is divided by o.
5
Let j(n) = -n - 1. Let g be j(-3). Let d(b) = 7*b**2 + 2*b + 1. What is the remainder when d(g) is divided by 9?
6
Suppose 3*t - 4 = z + 2, -3*t = 5*z - 60. Calculate the remainder when 15 is divided by z.
6
Calculate the remainder when 102 is divided by (-84)/(-16)*(-12)/(-3).
18
Let u be 18/(2 + 1 - 4). Let p = u + 20. Calculate the remainder when 9 is divided by p.
1
Let w = -2 + 22. Suppose -i - 4*u + 3 = 7, 2*u + w = 4*i. What is the remainder when i is divided by 3?
1
Let l(c) = c**3 - c**2 + c + 11. Let f be (-4)/(-18) + 2/(-9). Calculate the remainder when 32 is divided by l(f).
10
Suppose -2*z = 3*z - 5. Let c = -3 + 4. Calculate the remainder when c is divided by z.
0
Calculate the remainder when 134/6 - ((-136)/24 - -5) is divided by 8.
7
Let o(t) be the second derivative of 13*t**3/6 + t**2/2 + t. Let b(w) = -w**3 + 4*w**2 + 2*w - 7. What is the remainder when o(1) is divided by b(3)?
6
Suppose 5*q - 200 = 4*q. Suppose -2*c + q = 3*c. Suppose -4*a + 3 = -53. What is the remainder when c is divided by a?
12
Let c(t) = t**3 - 6*t**2 + 5*t + 2. Let i be c(5). Suppose i*f - 30 = -f. Calculate the remainder when 18 is divided by f.
8
Let q = 8 + -14. Let o(h) = h**2 + 4*h - 4. Let v be o(q). What is the remainder when 15 is divided by (-34)/(-4) - v/16?
7
Let f(v) = 2*v**3 + 11*v**2 - 8*v - 3. Calculate the remainder when 9 is divided by f(-6).
0
Suppose r - 2*r + 3*x + 39 = 0, 0 = -5*x - 15. Calculate the remainder when r is divided by 13.
4
Let j(t) be the first derivative of -t**2/2 - 4*t - 2. Let b be j(-4). Suppose -k - 3 = -2*k, 2*i - 3*k - 19 = b. What is the remainder when 26 is divided by i?
12
Suppose 2*s = -3*t + 35, -6*s - 2*t + 50 = -2*s. Suppose 2*n + 3*a - 81 = -n, -3*n - a = -81. Calculate the remainder when n is divided by s.
7
Suppose -84 = -4*q - y, 2*q = -2*q + 5*y + 60. What is the remainder when 197 is divided by q?
17
Let s(b) = -b - 8. Let r(d) = d + 8. Let u(t) = -5*r(t) - 6*s(t). What is the remainder when u(-3) is divided by 3?
2
Let k(v) = -v**2 + 10*v + 3. What is the remainder when k(6) is divided by 7?
6
Let q(v) = -3*v - 10. Let n be q(-6). Suppose -3*h - h = -n. What is the remainder when 7 is divided by h?
1
Suppose -5*a + 70 = -5*x, 0 = 3*a + 5*x - x - 28. Let w be -12*(1 - (-1)/(-2)). Calculate the remainder when 3*(-68)/w + 1 is divided by a.
11
Let k(m) = -2*m - 4. Suppose -2*o + 3*o = 0. Suppose -3*i + 24 = 3*u - o*i, 2*u = i + 7. What is the remainder when k(-11) is divided by u?
3
Suppose -29 = -4*c - 1. What is the remainder when 25 is divided by c?
4
Let m = 9 - 4. Suppose 3*x - 85 = m*p, -3*p + 5*p = 4*x - 104. Suppose 0*v - 4*v + 36 = 0. Calculate the remainder when x is divided by v.
7
Let i(s) be the second derivative of s**4/12 + s**3/3 - 9*s**2/2 + 2*s. Calculate the remainder when i(-8) is divided by 20.
19
Suppose 0 = -2*f + b + 27, 42 = 2*f + f - 3*b. Suppose 2*u + f = 3*u. Calculate the remainder when 23 is divided by u.
10
Let h(b) = 52*b**3 + b**2 - 2*b + 2. Calculate the remainder when h(1) is divided by 18.
17
Let j(q) = q**2 - q - 8. What is the remainder when 271 is divided by j(-6)?
33
Let n(y) = 2*y + 8. What is the remainder when 7 is divided by n(-2)?
3
Suppose -2*p + 19 - 49 = 2*a, 0 = 3*p - 3*a + 63. Let f = -8 - p. Suppose 35 = 5*i + f. What is the remainder when 8 is divided by i?
3
Suppose 4*x = 4*s + 148, s - 2 = -x + 43. Let o be 770/49 - 4/(-14). Suppose -44 = -2*n - o. Calculate the remainder when x is divided by n.
13
Suppose -4*u + 69 = -u. Let z = -42 - -87. What is the remainder when z is divided by u?
22
Let x = -232 + 404. Calculate the remainder when x is divided by 29.
27
Let h(j) = -j**2 + 15*j - 3. What is the remainder when h(7) is divided by 18?
17
Suppose -6*g = -4*g - 360. Suppose 2*t + w - g = 0, -7*t + 2*t - 5*w = -440. Suppose -5*x = -3*x - t. Calculate the remainder when x is divided by 16.
14
Let y be (6/5)/((-4)/(-40)). Suppose -3*f - y = -7*f. Calculate the remainder when f is divided by 2.
1
Let c(u) = 29*u - 7. Calculate the remainder when c(5) is divided by 35.
33
Let p = 4 + 13. What is the remainder when 83 is divided by p?
15
Suppose -2*z + 45 = z. Suppose b + 1 = 0, 0 = -w - 2*b - 2 + 6. What is the remainder when z is divided by w?
3
Let k = 10 - 4. Suppose -k*o + 11*o = 145. Suppose -5*j = -10*j + 40. Calculate the remainder when o is divided by j.
5
Suppose 0 = -h + 5*t + 29, -3*t = 5*h - t - 118. Suppose z = 2*z - 74. Suppose -z + 22 = -4*x. What is the remainder when h is divided by x?
11
Suppose 10*t - 12*t + 28 = 0. What is the remainder when t is divided by 6 + 8/(-4) + 1?
4
What is the remainder when (206/2 - -4)/1 is divided by 28?
23
Let y = -64 + 91. Calculate the remainder when 51 is divided by y.
24
Suppose 0 = 63*w - 60*w - 426. Calculate the remainder when w is divided by 18.
16
Let l = -9 - -65. Let u = 40 - 38. What is the remainder when l is divided by 0/(-5) - u - -21?
18
Suppose j + 6 = -5*s + 3, 2*j - 3 = -s. Suppose -j*y + 4*y - 20 = 0. What is the remainder when 19 is divided by y?
9
Suppose -5*i - 3*r + 4*r = -65, -5*i + 70 = -2*r. What is the remainder when 29 is divided by i?
5
Let n(v) = v**3 - 11*v**2 + v - 1. What is the remainder when 18 is divided by n(11)?
8
Calculate the remainder when (539/35)/(-1 + 18/15) is divided by (0 - -8)/((-6)/(-15)).
17
Suppose 3*m - 6*m + 222 = 0. Suppose d = -d + m. Calculate the remainder when d is divided by 13.
11
Suppose 2*d + 90 = 5*d. Suppose 0 = 2*g - d - 10. What is the remainder when 58 is divided by g?
18
Let c(o) be the third derivative of -o**5/60 - 11*o**4/24 + 4*o**2. Let j = -25 + 38. Calculate the remainder when c(-8) is divided by j.
11
Suppose 0 = -5*b + 5 - 0, 5*a - 3*b - 232 = 0. Suppose 4*g = 3*m + 54, -4*g = -5*g - m + 10. Calculate the remainder when a is divided by g.
11
Suppose 15 = 5*c - 15. Let m be 3*((-3)/(-1) + -1). Suppose 3*k = 4*f + 36, 3*f + m + 1 = k. Calculate the remainder when k is divided by c.
4
Let u = -37 - -16. Let b = -14 - u. Calculate the remainder when 25 is divided by b.
4
Suppose 0 = -5*m + 2*x + 10, 4*x + 7 + 1 = 4*m. Let j be m/(-9) - (-2733)/27. Calculate the remainder when (j - -1)/(-1 - -3) is divided by 13.
12
Let b = 99 + -96. What is the remainder when 10 is divided by b?
1
Suppose -5*c + 95 = 15. Let k = c + -2. Calculate the remainder when 27 is divided by k.
13
Suppose -35 = -3*u - 14. Let r(g) = 2*g - 5. What is the remainder when u is divided by r(5)?
2
Suppose 0 = -2*i - i + 294. Suppose -3*a = -3*c + 25 + i, -217 = -5*c - a. Calculate the remainder when c is divided by 22.
21
Suppose -4*i + 0*u - 69 = u, 5*i + 89 = -4*u. Let v = i + 30. What is the remainder when 2 + 1 - 3 - -37 is divided by v?
11
Let p(m) = -m + 13. Let d be p(10). Suppose 3*z = -b + 2*z + 3, z = d*b - 29. Calculate the remainder when 14 is divided by b.
6
Let o = 43 - 23. Let a = o + -3. Calculate the remainder when 32 is divided by a.
15
Let i(y) = 2*y**2 - 2*y - 4. Calculate the remainder when i(-2) is divided by 3.
2
Suppose 4*u - 5 = 3. Suppose 5*q - 4*f = -0*q + 3, 0 = u*q - f. Let j(z) = -29*z + 1. Calculate the remainder when j(q) is divided by 11.
8
Let c = -60 + 73. Calculate the remainder when 34 is divided by c.
8
Let w(x) = -x**3 + 6*x**2 + 4*x + 2. Suppose -6*l = -2*l - 20. What is the remainder when w(l) is divided by 12?
11
Suppose 0 = 4*c - j - 159, 9*j = 5*c + 5*j - 196. Calculate the remainder when 77 is divided by c.
37
Let g = 10 - 3. Suppose -3*z + 19 = 4*i, 0*i - i + g = 3*z. Calculate the remainder when i is divided by 2.
0
Let h(s) = 2*s**2 + 3*s. Let l be (-8 - 2/(-2)) + 2. Let t be h(l). What is the remainder when 25 is divided by (-7)/(-28) + t/4?
7
Let t be -1*((-63)/(-3))/(-3). Calculate the remainder when 3 is divided by t/(-2)*12/(-21).
1
Calculate the remainder when 3/2*(-46)/(-3) is divided by 4.
3
Let i = -75 + 136. Calculate the remainder when 302 is divided by i.
58
Suppose -3*l - 55 = -i, 60 = i - 0*i - 4*l. Let h be 0 + -2 +